{"id":819,"date":"2024-12-06T22:22:45","date_gmt":"2024-12-06T22:22:45","guid":{"rendered":"https:\/\/pcreativas.com\/dospinos\/?post_type=product&#038;p=819"},"modified":"2024-12-12T01:06:54","modified_gmt":"2024-12-12T01:06:54","slug":"leche-delactomy-semidescremada-2-grasa-sabor-a-fresa","status":"publish","type":"product","link":"https:\/\/pcreativas.com\/dospinos\/index.php\/producto\/leche-delactomy-semidescremada-2-grasa-sabor-a-fresa\/","title":{"rendered":"Leche Delactomy Semidescremada 2% grasa, sabor a fresa"},"content":{"rendered":"<h4>Caracter\u00edsticas nutricionales y funcionales\u200b<\/h4>\n<ul>\n<li>100% leche de vaca, 2% grasa, saborizada, sin lactosa, con 8 g de prote\u00edna por porci\u00f3n de 250 mL.<\/li>\n<li>Sin gluten, ni preservantes.<\/li>\n<li>Buena fuente de calcio, enriquecida con Vitamina A, D, \u00e1cido f\u00f3lico y hierro. Nutrientes que contribuyen a:\n<ol>\n<li>\u00c1cido f\u00f3lico, vitamina A y D: funci\u00f3n normal del sistema inmune.<\/li>\n<li>Prote\u00edna: crecimiento y desarrollo de masa muscular.<\/li>\n<li>Vitamina D y calcio: Mantener a temperatura ambientemantenimiento normal de huesos y dientes.<\/li>\n<li>Hierro y \u00e1cido f\u00f3lico: funci\u00f3n mental<\/li>\n<\/ol>\n<p>\u200b<\/li>\n<\/ul>\n<h4>Otras caracter\u00edsticas<\/h4>\n<ul>\n<li>Mantener a temperatura ambiente.<\/li>\n<li>Refrigerar despu\u00e9s de abierto.<\/li>\n<\/ul>\n","protected":false},"excerpt":{"rendered":"<h4>Primaria:<\/h4>\n<p>Personas a partir del 1 a\u00f1o de vida que requieren de una alimentaci\u00f3n sin lactosa.<\/p>\n<h4>Secundaria:<\/h4>\n<p>Personas que disfrutan de las leches saborizadas, sin lactosa.<\/p>\n","protected":false},"featured_media":797,"comment_status":"open","ping_status":"closed","template":"","meta":{"_acf_changed":false},"product_brand":[],"product_cat":[36,37],"product_tag":[48,50,49,51,52],"class_list":{"0":"post-819","1":"product","2":"type-product","3":"status-publish","4":"has-post-thumbnail","6":"product_cat-delactomy","7":"product_cat-delactomy-leche","8":"product_tag-costa-rica","9":"product_tag-el-salvador","10":"product_tag-guatemala","11":"product_tag-honduras","12":"product_tag-nicaragua","14":"first","15":"instock","16":"shipping-taxable","17":"product-type-simple"},"acf":{"palabras_claves":""},"_links":{"self":[{"href":"https:\/\/pcreativas.com\/dospinos\/index.php\/wp-json\/wp\/v2\/product\/819","targetHints":{"allow":["GET"]}}],"collection":[{"href":"https:\/\/pcreativas.com\/dospinos\/index.php\/wp-json\/wp\/v2\/product"}],"about":[{"href":"https:\/\/pcreativas.com\/dospinos\/index.php\/wp-json\/wp\/v2\/types\/product"}],"replies":[{"embeddable":true,"href":"https:\/\/pcreativas.com\/dospinos\/index.php\/wp-json\/wp\/v2\/comments?post=819"}],"wp:featuredmedia":[{"embeddable":true,"href":"https:\/\/pcreativas.com\/dospinos\/index.php\/wp-json\/wp\/v2\/media\/797"}],"wp:attachment":[{"href":"https:\/\/pcreativas.com\/dospinos\/index.php\/wp-json\/wp\/v2\/media?parent=819"}],"wp:term":[{"taxonomy":"product_brand","embeddable":true,"href":"https:\/\/pcreativas.com\/dospinos\/index.php\/wp-json\/wp\/v2\/product_brand?post=819"},{"taxonomy":"product_cat","embeddable":true,"href":"https:\/\/pcreativas.com\/dospinos\/index.php\/wp-json\/wp\/v2\/product_cat?post=819"},{"taxonomy":"product_tag","embeddable":true,"href":"https:\/\/pcreativas.com\/dospinos\/index.php\/wp-json\/wp\/v2\/product_tag?post=819"}],"curies":[{"name":"wp","href":"https:\/\/api.w.org\/{rel}","templated":true}]}}